on divisor of 588 and 50484.
84
What is the highest common divisor of 155862 and 1449?
63
What is the highest common factor of 8027 and 85156?
349
What is the greatest common factor of 18259 and 247?
19
What is the highest common factor of 1299 and 840453?
1299
What is the greatest common factor of 1192204 and 454?
454
Calculate the greatest common factor of 2280 and 114760.
760
Calculate the highest common divisor of 52456 and 1738.
158
What is the highest common factor of 498 and 11537?
83
What is the highest common divisor of 112682 and 1648?
206
Calculate the greatest common divisor of 55868 and 8.
4
What is the greatest common factor of 6720 and 93660?
420
Calculate the highest common factor of 576 and 3085872.
48
Calculate the highest common factor of 5244 and 69198.
114
What is the highest common factor of 145137 and 15328?
479
Calculate the greatest common divisor of 8223 and 13.
1
Calculate the highest common factor of 1971 and 36719.
73
What is the greatest common factor of 1048225 and 2300?
575
Calculate the greatest common factor of 366 and 100406.
122
What is the greatest common factor of 195 and 45955?
65
What is the greatest common factor of 32340 and 2436?
84
What is the greatest common divisor of 119941 and 9959?
433
Calculate the highest common divisor of 72 and 61788.
12
Calculate the greatest common divisor of 2143119 and 909.
303
What is the greatest common factor of 441988 and 940?
188
Calculate the highest common factor of 3122379 and 351.
117
Calculate the greatest common divisor of 48 and 5760.
48
Calculate the greatest common divisor of 4422 and 1122.
66
Calculate the greatest common divisor of 4927 and 65.
13
What is the highest common divisor of 384 and 6640?
16
Calculate the highest common factor of 7501 and 10963.
577
Calculate the highest common factor of 582 and 402841.
97
What is the greatest common divisor of 246960 and 660?
60
Calculate the highest common divisor of 1930 and 1970.
10
Calculate the greatest common factor of 526 and 162797.
263
What is the greatest common factor of 102 and 70754?
34
Calculate the greatest common divisor of 1024 and 7464.
8
Calculate the highest common factor of 43 and 1197507.
43
What is the highest common factor of 930 and 716255?
155
Calculate the highest common factor of 1393119 and 52.
13
Calculate the highest common divisor of 2511 and 101742.
93
Calculate the highest common factor of 29952 and 2448.
144
What is the highest common factor of 435 and 15196?
29
Calculate the greatest common divisor of 90 and 19470.
30
Calculate the highest common divisor of 49 and 120491.
49
Calculate the highest common factor of 540 and 1520640.
540
What is the highest common factor of 150387 and 39?
3
Calculate the greatest common divisor of 1218 and 50750.
406
What is the highest common divisor of 18240 and 3135?
285
What is the greatest common divisor of 20 and 1936870?
10
What is the greatest common factor of 835 and 3459071?
167
What is the greatest common divisor of 273 and 25557?
21
Calculate the highest common factor of 975 and 91.
13
What is the highest common factor of 21 and 1812825?
21
Calculate the highest common factor of 1384986 and 76.
38
Calculate the highest common divisor of 7500 and 8.
4
Calculate the greatest common factor of 3962 and 1694.
14
Calculate the greatest common factor of 798720 and 1092.
156
What is the greatest common factor of 257420 and 740?
20
What is the highest common factor of 30105 and 135?
135
What is the highest common factor of 24750 and 6105?
165
What is the highest common factor of 21620 and 782?
46
Calculate the highest common divisor of 464 and 7685.
29
What is the greatest common factor of 87 and 62089?
29
What is the highest common divisor of 48 and 22224?
48
What is the greatest common divisor of 455072 and 128?
32
Calculate the highest common divisor of 5935792 and 2094.
698
What is the greatest common factor of 134 and 251786?
134
Calculate the highest common factor of 1700883 and 423.
423
What is the highest common factor of 512 and 107600?
16
Calculate the highest common divisor of 1314 and 23068.
146
Calculate the greatest common divisor of 22555 and 39211.
347
Calculate the greatest common divisor of 301 and 15007.
43
Calculate the greatest common factor of 304507 and 1722.
287
Calculate the greatest common divisor of 1904 and 10948.
476
Calculate the greatest common divisor of 186 and 60946.
62
Calculate the greatest common divisor of 603 and 20703.
201
Calculate the greatest common factor of 3239 and 1025.
41
What is the highest common factor of 273229 and 1298?
649
What is the greatest common factor of 611 and 1339?
13
What is the greatest common factor of 936 and 16656?
24
What is the greatest common divisor of 222 and 849?
3
Calculate the greatest common factor of 278 and 190.
2
What is the highest common divisor of 133928 and 360?
8
What is the greatest common divisor of 4457400 and 100?
100
What is the greatest common factor of 121059 and 9?
9
What is the greatest common divisor of 390 and 49985?
65
What is the greatest common divisor of 3553 and 23579?
323
What is the highest common factor of 27696 and 128?
16
Calculate the highest common divisor of 223938 and 162.
54
What is the highest common divisor of 67754 and 2432?
38
What is the highest common factor of 20643 and 168?
21
Calculate the greatest common divisor of 104 and 1964768.
104
Calculate the greatest common factor of 45 and 486210.
15
What is the highest common factor of 4638394 and 114?
38
What is the greatest common divisor of 9720 and 8244?
36
What is the greatest common divisor of 705 and 4590490?
235
What is the greatest common factor of 13448 and 2952?
328
Calculate the greatest common factor of 2911 and 14145.
41
What is the highest common factor of 36900 and 2925?
225
Calculate the highest common divisor of 1421 and 9686.
29
What is the greatest common divisor of 184 and 836?
4
What is the highest common divisor of 2465 and 348551?
493
What is the highest common factor of 97986 and 147?
21
What is the greatest common factor of 16303 and 42483?
119
Calculate the greatest common divisor of 519 and 545296.
173
What is the greatest common divisor of 33 and 4029?
3
Calculate the highest common divisor of 5 and 2165975.
5
What is the highest common factor of 468 and 103662?
234
Calculate the greatest common factor of 3732 and 300.
12
What is the highest common divisor of 935291 and 7?
7
Calculate the greatest common factor of 5457 and 17655.
321
Calculate the greatest common factor of 119422 and 176610.
1682
What is the highest common divisor of 67 and 29480?
67
Calculate the greatest common factor of 14952 and 5376.
168
What is the highest common divisor of 6156 and 1938?
114
Calculate the greatest common divisor of 558 and 49104.
558
Calculate the highest common factor of 78 and 14622.
6
Calculate the highest common factor of 199381 and 52.
13
What is the greatest common divisor of 11284 and 2093?
91
What is the highest common divisor of 18 and 152577?
9
What is the greatest common factor of 1651 and 286?
13
What is the greatest common divisor of 12370 and 580?
10
What is the highest common divisor of 713950 and 262?
262
Calculate the highest common divisor of 2451 and 60.
3
What is the highest common divisor of 4154 and 603?
67
Calculate the highest common divisor of 2619 and 8633.
97
What is the greatest common factor of 20224 and 488?
8
Calculate the greatest common divisor of 7975 and 22.
11
What is the greatest common divisor of 4731 and 2573?
83
What is the highest common divisor of 2513 and 56?
7
Calculate the highest common factor of 47658 and 27824.
94
Calculate the greatest common divisor of 2442 and 1425240.
222
Calculate the greatest common divisor of 149305 and 8125.
65
What is the greatest common factor of 529 and 62974?
23
What is the highest common divisor of 700 and 22625?
25
What is the greatest common factor of 368910 and 90?
90
What is the greatest common factor of 1620 and 528?
12
Calculate the highest common divisor of 28 and 138544.
28
What is the highest common divisor of 788 and 3716?
4
What is the greatest common factor of 2176 and 2816?
128
What is the highest common divisor of 12 and 4607796?
12
What is the greatest common divisor